-2 + -3362?
-3364
In base 14, what is -105a - cd?
-1149
In base 8, what is -462 - -1000?
316
In base 3, what is -221101121 + -111?
-221102002
In base 15, what is -16d4c4 - -5?
-16d4be
In base 4, what is -33030 + 131111?
32021
In base 3, what is -21122211012 + -12?
-21122211101
In base 8, what is 76777 + -12?
76765
In base 2, what is 1101111011 + -1100001?
1100011010
In base 11, what is -5aa499 + 5?
-5aa494
In base 13, what is -5 - 6211?
-6216
In base 3, what is 2202011 - -102102?
10011120
In base 13, what is 2 + -3789c?
-3789a
In base 4, what is 10003021 + 113?
10003200
In base 10, what is 46689 - -2?
46691
In base 12, what is 3 - 3984a?
-39847
In base 7, what is -3 + -14023?
-14026
In base 15, what is -e696d + -2?
-e6970
In base 5, what is 132042310 + -1?
132042304
In base 8, what is 5604 - 12?
5572
In base 7, what is -2151445 + -2?
-2151450
In base 3, what is 11 - -10200221?
10201002
In base 7, what is -20 - -11466?
11446
In base 12, what is 81630 + -1?
8162b
In base 3, what is -2010221020 - 110?
-2010221200
In base 7, what is 1065 + -312?
453
In base 8, what is -355514 + -4?
-355520
In base 10, what is 16 + -1188?
-1172
In base 7, what is 2460 - -55?
2545
In base 13, what is 398 - -492?
85a
In base 12, what is 3033 - 132?
2b01
In base 6, what is 205 + 3552?
4201
In base 7, what is 2261 - -1564?
4155
In base 15, what is 12 - 1db?
-1c9
In base 16, what is -b + 221?
216
In base 15, what is -1095d5 - 5?
-1095da
In base 9, what is -60808 + 45?
-60753
In base 10, what is 5 + -29293?
-29288
In base 9, what is 66 + -21144?
-21067
In base 7, what is 513 + -22021?
-21205
In base 12, what is -2519 - -5?
-2514
In base 15, what is 5 + -1a9a?
-1a95
In base 6, what is -5 - -2105404?
2105355
In base 6, what is -22 - -5030?
5004
In base 15, what is 23750 - -2?
23752
In base 5, what is 40103 + 0?
40103
In base 6, what is 121 - -21350?
21511
In base 11, what is 324 + 40?
364
In base 12, what is -73 - -a4?
31
In base 16, what is 0 - -8e72?
8e72
In base 8, what is -3 + -72610?
-72613
In base 10, what is 1 - 36753?
-36752
In base 16, what is -2 + 8138f?
8138d
In base 4, what is 10011032 - -1?
10011033
In base 9, what is 2575636 - 1?
2575635
In base 9, what is 361 + -668?
-307
In base 14, what is 1c00 - 70?
1b70
In base 8, what is -407724 - 25?
-407751
In base 10, what is 2 + -455446?
-455444
In base 5, what is -3314 + -3022?
-11341
In base 4, what is 2 + -2312310320?
-2312310312
In base 13, what is 72 + -a68?
-9c6
In base 7, what is 14 + -301066?
-301052
In base 10, what is 3 - 107410?
-107407
In base 15, what is -186d2b - 5?
-186d31
In base 5, what is -1121 + -11140?
-12311
In base 14, what is -19b6 - b2?
-1a88
In base 16, what is 9c8 + 27?
9ef
In base 15, what is -c5b + -20c?
-e68
In base 8, what is 4 + -505763?
-505757
In base 8, what is -262637 + 2?
-262635
In base 3, what is -10212201212 + 2?
-10212201210
In base 9, what is 26413 - 2?
26411
In base 7, what is -1541521 + 4?
-1541514
In base 15, what is -1089 - 13?
-109c
In base 12, what is -2 + -101aba?
-101b00
In base 16, what is -135 + 1b?
-11a
In base 12, what is -2b5 - -57?
-25a
In base 6, what is -245051 - -405?
-244242
In base 7, what is -3 + 32355?
32352
In base 16, what is 288638 - -1?
288639
In base 3, what is 1022 + 10102?
11201
In base 2, what is 100101111 - -10000?
100111111
In base 14, what is -37 - 4660?
-4697
In base 12, what is -a41 - -25?
-a18
In base 6, what is -1153434 - -4?
-1153430
In base 9, what is -10476 + -1?
-10477
In base 14, what is -a66 - 63?
-ac9
In base 13, what is 37374 - 4?
37370
In base 11, what is 7a2 + -67?
736
In base 15, what is -cc6d6a - -3?
-cc6d67
In base 8, what is -1056 - 14?
-1072
In base 4, what is -1 - 2200?
-2201
In base 12, what is 13 - -a55?
a68
In base 5, what is -244 + -1112?
-1411
In base 4, what is 10220323022 + -11?
10220323011
In base 15, what is -20ad9 + -14?
-20aed
In base 7, what is -156544 - 2?
-156546
In base 3, what is 21111 + 10012220?
10111101
In base 4, what is -2203 + 312101?
303232
In base 12, what is -4 + 14911?
14909
In base 12, what is 306 - -865?
b6b
In base 9, what is 1 - -6088?
6100
In base 13, what is -149 - 698?
-814
In base 11, what is 0 - 421?
-421
In base 7, what is 1010 - 2613?
-1603
In base 11, what is -15 + -73a03?
-73a18
In base 16, what is 4 - 5415f?
-5415b
In base 12, what is -1753 - -71?
-16a2
In base 8, what is -23160 + -64?
-23244
In base 3, what is 100121012020 - 10?
100121012010
In base 13, what is -6038 - 1?
-6039
In base 15, what is 69 - -668?
6d2
In base 13, what is -48315 + 1?
-48314
In base 7, what is 0 + 3454341?
3454341
In base 16, what is -2 - 3d31?
-3d33
In base 2, what is -101000001 - 10011101010010?
-10100010010011
In base 2, what is -11110 - 1000001110000110?
-1000001110100100
In base 7, what is 245 - 10523?
-10245
In base 13, what is 5 + 7c841?
7c846
In base 15, what is 3b + 7d?
b9
In base 15, what is -217 + 37?
-1d0
In base 11, what is -4 + -452967?
-452970
In base 11, what is 55a1 + 2?
55a3
In base 13, what is -b + -1165?
-1173
In base 4, what is 110 - 233012?
-232302
In base 4, what is -3013230 - -103?
-3013121
In base 3, what is -10122 - 2021200?
-2102022
In base 9, what is -7 + -41775?
-41783
In base 13, what is 599 - -82?
64b
In base 9, what is -3246 - 37?
-3284
In base 2, what is 1101100111011101 - -1110?
1101100111101011
In base 12, what is 41948 + 7?
41953
In base 6, what is 4 - 204233?
-204225
In base 13, what is 2 - -16013?
16015
In base 2, what is -10001010 + -110010111000?
-110101000010
In base 15, what is -1442 + -635?
-1a77
In base 8, what is -77 + -163?
-262
In base 15, what is 13 + 3437?
344a
In base 13, what is 1 - 9695?
-9694
In base 9, what is 11 + 120428?
120440
In base 8, what is -404735 + -103?
-405040
In base 12, what is 277 - 111?
166
In base 2, what is -101000000101010101 + 11?
-101000000101010010
In base 4, what is 101 + -2130111?
-2130010
In base 16, what is -64dfc + 5?
-64df7
In base 16, what is d + 39a58?
39a65
In base 2, what is -100100110101110010011 - 0?
-100100110101110010011
In base 4, what is 1133 + -32330?
-31131
In base 13, what is 24 + 12?
36
In base 12, what is 4 - -4a8b?
4a93
In base 5, what is 420 + 112011?
112431
In base 3, what is -1002 - -10001221000?
10001212221
In base 5, what is -1112 + 24?
-1033
In base 7, what is 22505055 + -2?
22505053
In base 15, what is e50b - 1?
e50a
In base 7, what is -3 + -34021?
-34024
In base 12, what is -114 - -477?
363
In base 16, what is -20d8 + -6?
-20de
In base 6, what is 3234 - -21254?
24532
In base 9, what is -67 - -7145?
7067
In base 6, what is 1 + 1023054?
1023055
In base 12, what is -820b8 + -5?
-82101
In base 11, what is 52 + 8273?
8315
In base 10, what is 0 + -147421?
-147421
In base 11, what is 6911 + -53?
6869
In base 6, what is -5 + 1454151?
1454142
In base 7, what is 35 + 210044?
210112
In base 3, what is -20 - 2001110?
-2001200
In base 2, what is 100000 + 1000100110?
1001000110
In base 9, what is 14343 - 0?
14343
In base 15, what is 5 - e205e?
-e2059
In base 14, what is 24bd + 61?
2540
In base 10, what is -431 + -3456?
-3887
In base 2, what is 10 + 111100110001?
111100110011
In base 13, what is 145 - 2711?
-2599
In base 10, what is -110644 - 0?
-110644
In base 12, what is 147793 + 5?
147798
In base 6, what is -45451 + -230?
-50121
In base 10, what is 135316 + -5?
135311
In base 2, what is -1010000 + 111000111?
101110111
In base 8, what is 40245 + -30?
40215
In base 2, what is 10 + 101001010100011?
101001010100101
In base 13, what is -36a51 - -4?
-36a4a
In base 5, what is 1 - -340410103?
340410104
In base 7, what is 64263 + -10?
64253
In base 5, what is 13 + -2423?
-2410
In base 13, what is -4 + 1a9246?
1a9242
In base 7, what is -5000416 + 2?
-5000414
In base 7, what is 4431211 + 0?
4431211
In base 3, what is 1001210011 - 1?
1001210010
In base 2, what is 10000100 - 110101?
1001111
In base 15, what is -19d + -18?
-1b6
In base 7, what is 11 + -1054636?
-1054625
In base 14, what is 3 - 1d96dd?
-1d96da
In base 13, what is 122518 + 6?
122521
In base 10, what is -55159 + -5?
-55164
In base 13, what is -3 + 3430?
342a
In base 10, what is -608 + -213?
-821
In base 2, what is -110001 - 10100010?
-11010011
In base 3, what is -1 + 1020001222212?
1020001222211
In base 4, what is 23 - 32212?
-32123
In base 11, what is a0477 - -